1)?
6
Let r(x) = x**3 + 394*x**2 + 1042*x - 51286. Give r(-391).
-65
Let a(r) = -650*r - 10085. Determine a(-16).
315
Let g(z) = 70431*z - 70461. Calculate g(1).
-30
Let y(z) = 578*z + 8948. Calculate y(-15).
278
Let a(g) = 2*g**2 - 1158*g + 40159. Give a(37).
51
Let o(b) = 5*b**2 + 133*b + 338. Give o(-4).
-114
Let g(m) = m**3 - 81*m**2 - 431*m - 7. Determine g(-5).
-2
Let q(p) = -28*p**3 + 72*p**2 + 10*p - 7. Determine q(7).
-6013
Let m(a) = -164*a**2 + 169*a - 552. What is m(4)?
-2500
Let w(b) = -3*b**3 + 4*b**2 + 18650*b - 55941. Determine w(3).
-36
Let a(o) = -3*o**3 + 68*o**2 - 64*o + 1779. What is a(22)?
1339
Let g(b) = 1342*b - 131514. What is g(98)?
2
Let n(x) = -2603*x - 57697. Calculate n(-22).
-431
Let r(c) = -3*c**3 - 400*c**2 - 493*c + 4665. Determine r(-132).
45
Let k(t) = t**2 + 159*t + 8028. Determine k(-76).
1720
Let w(y) = 1149*y - 4469. Determine w(4).
127
Let p(z) = 31368*z + 2760380. Determine p(-88).
-4
Let l(j) = -j**2 - 15*j + 5550. What is l(-52)?
3626
Let a(q) = -130*q**2 + 679*q - 73. What is a(5)?
72
Let f(l) = -4*l**3 - 45*l**2 + 32*l + 22. What is f(-13)?
789
Let h(k) = 2733*k - 49491. Calculate h(18).
-297
Let t(n) = n**2 - 11874*n + 9. Calculate t(0).
9
Let t(f) = 557*f + 65735. What is t(-118)?
9
Let n(u) = 1181*u + 4742. Give n(-4).
18
Let d(b) = -b**2 + 454*b - 16568. What is d(40)?
-8
Let q(w) = 7690*w + 192282. What is q(-25)?
32
Let v(i) = 36325*i + 363250. Determine v(-10).
0
Let s(j) = 7*j**2 - 74*j - 1279. Calculate s(20).
41
Let f(y) = 24*y**2 + 759*y + 1833. Determine f(-29).
6
Let x(d) = 6*d**3 + 44*d**2 + 152*d + 1442. Determine x(-8).
-30
Let n(i) = -2*i**3 - 4*i**2 + 26*i - 14. Determine n(-6).
118
Let u(g) = -2*g**2 + 153*g + 161. What is u(67)?
1434
Let v(q) = -q**2 + 27*q + 3249. What is v(-45)?
9
Let z(v) = 5*v**3 + 22*v**2 + 41*v + 185. Give z(-4).
53
Let b(a) = -3517*a + 337627. Calculate b(96).
-5
Let h(o) = 878*o + 6258. What is h(-7)?
112
Let i(h) = 29410*h + 117636. Determine i(-4).
-4
Let g(z) = -497*z**3 + 12923*z**2 - 18*z - 145. Give g(26).
63
Let x(f) = 3*f**2 + 1352*f - 2707. Determine x(2).
9
Let j(z) = -143*z - 2005. Calculate j(-9).
-718
Let r(l) = 118*l - 7816. What is r(65)?
-146
Let c(d) = 15745*d + 63096. Determine c(-4).
116
Let s(j) = j**2 - 13240*j + 198719. What is s(15)?
344
Let s(p) = -4*p**3 - 190*p**2 - 1262*p + 4. Determine s(-8).
-12
Let k(c) = 6*c**2 - 17512*c - 140493. What is k(-8)?
-13
Let x(d) = -d**3 + d**2 - 61953*d + 2. What is x(0)?
2
Let t(v) = -9*v**2 + 941*v + 17473. What is t(-18)?
-2381
Let g(k) = 19*k**3 + 344*k**2 + 36*k - 12. What is g(-18)?
-12
Let s(x) = -2906*x - 773189. What is s(-266)?
-193
Let f(w) = -3*w**3 - 202*w**2 - 300*w - 2324. Give f(-66).
52
Let b(o) = -37*o - 2468. Determine b(-66).
-26
Let d(u) = -u**3 + 66*u**2 + 213*u - 511. Give d(69).
-97
Let h(j) = 34*j**2 + 429*j + 892. Determine h(-10).
2
Let b(p) = 10*p**3 + 4*p**2 - 360*p + 1831. Calculate b(5).
1381
Let d(n) = 2*n**3 + 48*n**2 + 19*n + 190. Determine d(-23).
811
Let c(r) = -1100*r**2 - 1012*r + 51. Calculate c(-1).
-37
Let o(p) = -2*p**3 - 27*p**2 - 14*p + 22. What is o(-6)?
-434
Let h(g) = -g**3 - 837*g**2 + 17137*g + 104. Give h(20).
44
Let k(s) = 4238*s + 89009. Give k(-21).
11
Let j(l) = -8*l**2 + 1452*l - 16892. Calculate j(169).
8
Let f(z) = 6*z**2 + 15393*z - 16. Calculate f(0).
-16
Let b(r) = -10*r**2 + 405*r + 16. Calculate b(38).
966
Let b(w) = 12*w**2 + 262*w + 125. Calculate b(-20).
-315
Let k(y) = 501765*y + 23582952. Give k(-47).
-3
Let w(t) = 5*t**2 + 311*t + 2449. Determine w(-53).
11
Let r(g) = -1976*g**2 + 17780*g + 48. Calculate r(9).
12
Let k(o) = -4*o**3 - 73*o**2 + 23*o - 35. Determine k(-19).
611
Let r(n) = 2*n**2 + 31595*n + 1857145. What is r(-59)?
2
Let f(n) = 150*n**2 - 5900*n - 37. Give f(39).
-1987
Let k(t) = t**2 - 163*t - 1537. Calculate k(-9).
11
Let k(u) = -3*u**3 - 187*u**2 + 648*u + 32898. What is k(-63)?
12
Let k(z) = -2*z**2 + 1431*z - 48937. What is k(36)?
-13
Let r(u) = -535680*u - 21962894. Calculate r(-41).
-14
Let k(t) = 21758*t - 106642. What is k(5)?
2148
Let k(i) = -2886*i - 20402. Give k(-7).
-200
Let t(j) = -j**2 + 21410*j - 235413. Determine t(11).
-24
Let l(h) = -268*h - 9824. Determine l(-47).
2772
Let l(q) = -22*q**2 + 292*q - 1898. Calculate l(10).
-1178
Let k(u) = 3755*u + 153978. Give k(-41).
23
Let d(u) = -41*u**2 - 3517*u - 2723. Give d(-85).
-3
Let x(c) = 19287*c - 38618. Give x(2).
-44
Let i(x) = -23*x**2 + 735*x - 5380. Calculate i(21).
-88
Let p(y) = 216*y**2 + 2976*y + 10267. Determine p(-7).
19
Let k(r) = -r**2 + 2208*r + 37730. Give k(-17).
-95
Let g(b) = -31079*b + 155362. Calculate g(5).
-33
Let c(l) = 2011*l - 18086. What is c(9)?
13
Let w(n) = -n**3 - 112*n**2 + 218*n + 11926. Give w(-113).
61
Let c(o) = -84*o + 1116. Determine c(15).
-144
Let t(l) = 5*l**2 - 245*l - 200. What is t(50)?
50
Let o(w) = -2*w**3 + 344*w**2 + 159*w + 7. Give o(0).
7
Let h(d) = -d**3 - 10*d**2 + 36*d + 43. Give h(-16).
1003
Let s(y) = 294*y - 87326. Determine s(301).
1168
Let u(b) = -4260*b - 3684904. What is u(-865)?
-4
Let n(x) = 11*x**3 + 6*x**2 + 26*x - 99. What is n(5)?
1556
Let p(b) = -b**3 - 81*b**2 - 418*b + 703. Calculate p(-7).
3
Let v(t) = 4*t**2 - 1154*t - 16000. Determine v(-14).
940
Let y(h) = -66*h**2 - 534*h - 9. Calculate y(-8).
39
Let a(j) = -5*j**2 - 353085*j - 1059216. Determine a(-3).
-6
Let b(z) = 5904*z + 88543. Determine b(-15).
-17
Let b(s) = 14*s**3 + 812*s**2 - 9*s + 68. Calculate b(-58).
590
Let y(s) = 2*s**2 + 1039*s - 19315. Calculate y(18).
35
Let n(k) = -10*k**2 + 9828*k - 19655. What is n(2)?
-39
Let v(y) = 66*y**2 + 359*y + 180. Give v(-5).
35
Let q(f) = -396117*f + 792235. Give q(2).
1
Let w(b) = 289*b**2 - 2091*b - 10483. Determine w(-5).
7197
Let f(x) = 2*x**2 - 325*x - 2725. What is f(-8)?
3
Let r(v) = 29416*v + 176521. Give r(-6).
25
Let g(z) = -13168*z - 237039. Calculate g(-18).
-15
Let t(p) = -4089*p + 36732. Determine t(9).
-69
Let t(h) = 11*h**2 + 445*h - 3067. Calculate t(6).
-1
Let p(g) = -10*g**2 + 2209*g + 23325. Give p(231).
-6
Let a(k) = -3384*k - 118827. Give a(-35).
-387
Let s(k) = k**3 + 24*k**2 + 231*k + 1450. Give s(-15).
10
Let a(o) = -o**3 + 99*o**2 - 1946*o + 535. What is a(72)?
391
Let o(r) = 2*r**3 + 9*r**2 - 113*r - 848. Give o(-8).
-392
Let k(h) = -267*h**3 - 4*h**2 - 49*h - 44. Determine k(-1).
268
Let x(s) = 4*s - 606. Calculate x(119).
-130
Let o(z) = -12393*z + 632047. Calculate o(51).
4
Let z(l) = -23466*l - 13539882. Give z(-577).
0
Let y(b) = 1980*b + 542527. Determine y(-274).
7
Let s(j) = -10*j**2 + 226*j - 960. Determine s(20).
-440
Let y(l) = -409*l**2 - 1975*l + 221. Determine y(-5).
-129
Let b(t) = 595*t**2 - 164*t - 41. Give b(-2).
2667
Let l(r) = 40*r - 8519. Calculate l(213).
1
Let u(n) = 4*n**3 - 23*n**2 + 78*n - 772. Give u(7).
19
Let t(k) = k**3 + 44*k**2 + 1666*k + 60229. Calculate t(-40).
-11
Let z(s) = -4872*s - 19472. Give z(-4).
16
Let t(g) = -55*g**2 - 1091*g + 50. Calculate t(-20).
-130
Let i(x) = 8*x**2 + 310*x - 614. Determine i(5).
1136
Let y(g) = g**3 - 44*g**2 + 113*g + 49. Determine y(41).
-361
Let d(m) = -2*m**2 + 170*m + 39895. Calculate d(-105).
-5
Let d(p) = 300*p**2 - 10912*p - 10912. Give d(-1).
300
Let n(t) = 4563*t + 1528648. Determine n(-335).
43
Let p(s) = -2*s**3 - 72*s**2 - 29*s + 239. Calculate p(-36).
1283
Let d(q) = 14*q**2 + 664*q - 26188. Determine d(-73).
-54
Let v(p) = 2*p**3 - 17*p**2 - 126916*p + 507813. Determine v(4).
5
Let p(i) = 3*i**3 + 1007*i**2 + 686*i + 3934. Give p(-335).
-1426
Let y(s) = 2*s**3 - 22*s**2 + 715*s - 6259. Determine y(9).
-148
Let c(l) = -3465*l + 1753315. Determine c(506).
25
Let w(t) = 3*t**2 + 106*t + 309. Determine w(-34).
173
Let q(h) = -120*h - 1466. Calculate q(-14).
214
Let q(d) = -d**3 + 14*d**2 + 82*d - 659. Calculate q(6).
121
Let l(r) = -r**2 + 855*r + 23539. Give l(-27).
-275
Let x(f) = -74647*f + 298595. Give x(4).
7
Let t(y) = -17*y**3 + 202*y**2 + y - 90. What is t(12)?
-366
Let o(b) = -63*b**2 - 9060*b + 1717. Determine o(-144).
-11
Let w(a) = -2*a**3 + 285*a**2 + 869*a + 7. Give w(-3).
19
Let s(k) = -2123*k - 22384. What is s(-10)?
-1154
Let k(i) = 6*i**3 + 1973*i**2 - 329*i - 159. Determine k(-329).
-159
Let m(k) = -k**3 + 53*k**2 - 646*k + 1096. Determine m(34).
1096